{"id":926,"date":"2014-02-23T05:23:38","date_gmt":"2014-02-23T05:23:38","guid":{"rendered":"https:\/\/www.darrita.com\/marrocos\/?page_id=926"},"modified":"2019-10-09T03:37:07","modified_gmt":"2019-10-09T03:37:07","slug":"uma-portuguesa-a-viver-em-marrocos","status":"publish","type":"page","link":"https:\/\/www.darrita.com\/marrocos\/uma-portuguesa-a-viver-em-marrocos\/","title":{"rendered":"Uma portuguesa a viver em Marrocos"},"content":{"rendered":"\n<div class=\"wp-block-image\"><figure class=\"alignright is-resized\"><img loading=\"lazy\" decoding=\"async\" src=\"https:\/\/www.darrita.com\/marrocos\/imagens-marrocos\/2012\/04\/rita-leitao.jpg\" alt=\"Rita Leit\u00e3o em Marrocos\" class=\"wp-image-534\" width=\"360\" height=\"270\"\/><figcaption>Eu, Rita Leit\u00e3o, e a minha cadelinha Jana, que mora comigo aqui em Marrocos<\/figcaption><\/figure><\/div>\n\n\n\n<p>Chamo-me Rita e moro em Marrocos.<\/p>\n\n\n\n<p>Tenho 43 anos e sou natural de Lisboa.<\/p>\n\n\n\n<p>Conhe\u00e7o um pouco de Portugal, muito pouco de Espanha e Paris \u2013 cidade onde vivi cerca de 1 ano em 2005. J\u00e1 viajei pelo Jap\u00e3o, Jord\u00e2nia, Su\u00ed\u00e7a, Alemanha, e Rom\u00e9nia.<\/p>\n\n\n\n<p>Em 2008, por motivos profissionais, surgiu a oportunidade de ir viver para <a href=\"https:\/\/www.darrita.com\/marrocos\/curiosidades-marrocos\/\">Marrocos<\/a>.<\/p>\n\n\n\n<p>Depois de muito pesar pr\u00f3s e contras, pois era para mim um pa\u00eds desconhecido, decidi arriscar e partir \u00e0 aventura.<\/p>\n\n\n\n<p>Foi assim que me desfiz do que tinha em Portugal e em Setembro de 2008 me mudei para o Sul de Marrocos, para a cidade de <a href=\"https:\/\/www.darrita.com\/marrocos\/ouarzazate-marrocos\/\">Ouarzazate<\/a>, apenas com as coisas que couberam no carro e a minha grande amiga, a minha cadela Jana!<\/p>\n\n\n\n<figure class=\"wp-block-image\"><img loading=\"lazy\" decoding=\"async\" width=\"1024\" height=\"768\" src=\"https:\/\/www.darrita.com\/marrocos\/imagens-marrocos\/2019\/10\/rita-em-marrocos-1024x768.jpg\" alt=\"\" class=\"wp-image-3021\" srcset=\"https:\/\/www.darrita.com\/marrocos\/imagens-marrocos\/2019\/10\/rita-em-marrocos.jpg 1024w, https:\/\/www.darrita.com\/marrocos\/imagens-marrocos\/2019\/10\/rita-em-marrocos-300x225.jpg 300w, https:\/\/www.darrita.com\/marrocos\/imagens-marrocos\/2019\/10\/rita-em-marrocos-768x576.jpg 768w\" sizes=\"(max-width: 1024px) 100vw, 1024px\" \/><\/figure>\n\n\n\n<p>Desde a\u00ed, sempre que posso, vou descobrindo cada vez mais deste pa\u00eds que \u00e9 agora a minha casa.<\/p>\n\n\n\n<p>Decidi come\u00e7ar a partilhar as minhas viv\u00eancias e experi\u00eancias de viagem, porque apesar de ser um pa\u00eds que est\u00e1 t\u00e3o perto de Portugal, as pessoas ainda t\u00eam algum desconhecimento e receio de vir at\u00e9 c\u00e1.<\/p>\n\n\n\n<p>Sobretudo da parte de mulheres que gostam de viajar sozinhas ou em grupo, \u00e9 a elas que dedico o meu site e espero que lhes d\u00ea o empurr\u00e3o final e as ajude a planear uma viagem inesquec\u00edvel.<\/p>\n\n\n\n<p>Vou tentar nesta p\u00e1gina dar informa\u00e7\u00e3o de alguns lugares pelos quais vou passando no meu dia-a-dia, tais como <a href=\"https:\/\/www.darrita.com\/marrocos\/marrakech-marrocos\/\">Marrakech<\/a>, <a href=\"https:\/\/www.darrita.com\/marrocos\/ergchebbi-deserto-marrocos\/\">Merzouga<\/a>, <a href=\"https:\/\/www.darrita.com\/marrocos\/tetouan-marrocos\/\">Tetouan<\/a>, <a href=\"https:\/\/www.darrita.com\/marrocos\/aitbenhaddou-unesco-marrocos\/\">Ait Benhaddou<\/a>, etc&#8230;<\/p>\n","protected":false},"excerpt":{"rendered":"","protected":false},"author":1,"featured_media":3019,"parent":0,"menu_order":0,"comment_status":"open","ping_status":"open","template":"","meta":{"_joinchat":[],"footnotes":""},"class_list":{"0":"post-926","1":"page","2":"type-page","3":"status-publish","4":"has-post-thumbnail","6":"no-featured-image-padding","7":"resize-featured-image"},"yoast_head":"<!-- This site is optimized with the Yoast SEO plugin v23.6 - https:\/\/yoast.com\/wordpress\/plugins\/seo\/ -->\n<title>Uma portuguesa a viver em Marrocos - Rita em Marrocos<\/title>\n<meta name=\"robots\" content=\"index, follow, max-snippet:-1, max-image-preview:large, max-video-preview:-1\" \/>\n<link rel=\"canonical\" href=\"https:\/\/www.darrita.com\/marrocos\/uma-portuguesa-a-viver-em-marrocos\/\" \/>\n<meta property=\"og:locale\" content=\"pt_PT\" \/>\n<meta property=\"og:type\" content=\"article\" \/>\n<meta property=\"og:title\" content=\"Uma portuguesa a viver em Marrocos - Rita em Marrocos\" \/>\n<meta property=\"og:url\" content=\"https:\/\/www.darrita.com\/marrocos\/uma-portuguesa-a-viver-em-marrocos\/\" \/>\n<meta property=\"og:site_name\" content=\"Rita em Marrocos\" \/>\n<meta property=\"article:modified_time\" content=\"2019-10-09T03:37:07+00:00\" \/>\n<meta property=\"og:image\" content=\"https:\/\/www.darrita.com\/marrocos\/imagens-marrocos\/2019\/10\/Ait-Benhaddou-Marrocos.jpg\" \/>\n\t<meta property=\"og:image:width\" content=\"1600\" \/>\n\t<meta property=\"og:image:height\" content=\"1067\" \/>\n\t<meta property=\"og:image:type\" content=\"image\/jpeg\" \/>\n<meta name=\"twitter:label1\" content=\"Tempo estimado de leitura\" \/>\n\t<meta name=\"twitter:data1\" content=\"1 minuto\" \/>\n<script type=\"application\/ld+json\" class=\"yoast-schema-graph\">{\"@context\":\"https:\/\/schema.org\",\"@graph\":[{\"@type\":\"WebPage\",\"@id\":\"https:\/\/www.darrita.com\/marrocos\/uma-portuguesa-a-viver-em-marrocos\/\",\"url\":\"https:\/\/www.darrita.com\/marrocos\/uma-portuguesa-a-viver-em-marrocos\/\",\"name\":\"Uma portuguesa a viver em Marrocos - Rita em Marrocos\",\"isPartOf\":{\"@id\":\"https:\/\/www.darrita.com\/marrocos\/#website\"},\"primaryImageOfPage\":{\"@id\":\"https:\/\/www.darrita.com\/marrocos\/uma-portuguesa-a-viver-em-marrocos\/#primaryimage\"},\"image\":{\"@id\":\"https:\/\/www.darrita.com\/marrocos\/uma-portuguesa-a-viver-em-marrocos\/#primaryimage\"},\"thumbnailUrl\":\"https:\/\/www.darrita.com\/marrocos\/imagens-marrocos\/2019\/10\/Ait-Benhaddou-Marrocos.jpg\",\"datePublished\":\"2014-02-23T05:23:38+00:00\",\"dateModified\":\"2019-10-09T03:37:07+00:00\",\"breadcrumb\":{\"@id\":\"https:\/\/www.darrita.com\/marrocos\/uma-portuguesa-a-viver-em-marrocos\/#breadcrumb\"},\"inLanguage\":\"pt-PT\",\"potentialAction\":[{\"@type\":\"ReadAction\",\"target\":[\"https:\/\/www.darrita.com\/marrocos\/uma-portuguesa-a-viver-em-marrocos\/\"]}]},{\"@type\":\"ImageObject\",\"inLanguage\":\"pt-PT\",\"@id\":\"https:\/\/www.darrita.com\/marrocos\/uma-portuguesa-a-viver-em-marrocos\/#primaryimage\",\"url\":\"https:\/\/www.darrita.com\/marrocos\/imagens-marrocos\/2019\/10\/Ait-Benhaddou-Marrocos.jpg\",\"contentUrl\":\"https:\/\/www.darrita.com\/marrocos\/imagens-marrocos\/2019\/10\/Ait-Benhaddou-Marrocos.jpg\",\"width\":1600,\"height\":1067,\"caption\":\"Ait Benhaddou\"},{\"@type\":\"BreadcrumbList\",\"@id\":\"https:\/\/www.darrita.com\/marrocos\/uma-portuguesa-a-viver-em-marrocos\/#breadcrumb\",\"itemListElement\":[{\"@type\":\"ListItem\",\"position\":1,\"name\":\"In\u00edcio\",\"item\":\"https:\/\/www.darrita.com\/marrocos\/\"},{\"@type\":\"ListItem\",\"position\":2,\"name\":\"Uma portuguesa a viver em Marrocos\"}]},{\"@type\":\"WebSite\",\"@id\":\"https:\/\/www.darrita.com\/marrocos\/#website\",\"url\":\"https:\/\/www.darrita.com\/marrocos\/\",\"name\":\"Rita em Marrocos\",\"description\":\"Marrocos - Guia de Viagem: destinos, hot\u00e9is, transportes, restaurantes, roteiros, tours organizados. Rita Leit\u00e3o, uma portuguesa a viver no Sul de Marrocos.\",\"publisher\":{\"@id\":\"https:\/\/www.darrita.com\/marrocos\/#organization\"},\"potentialAction\":[{\"@type\":\"SearchAction\",\"target\":{\"@type\":\"EntryPoint\",\"urlTemplate\":\"https:\/\/www.darrita.com\/marrocos\/?s={search_term_string}\"},\"query-input\":{\"@type\":\"PropertyValueSpecification\",\"valueRequired\":true,\"valueName\":\"search_term_string\"}}],\"inLanguage\":\"pt-PT\"},{\"@type\":\"Organization\",\"@id\":\"https:\/\/www.darrita.com\/marrocos\/#organization\",\"name\":\"Rita em Marrocos\",\"url\":\"https:\/\/www.darrita.com\/marrocos\/\",\"logo\":{\"@type\":\"ImageObject\",\"inLanguage\":\"pt-PT\",\"@id\":\"https:\/\/www.darrita.com\/marrocos\/#\/schema\/logo\/image\/\",\"url\":\"https:\/\/www.darrita.com\/marrocos\/imagens-marrocos\/2019\/10\/cropped-Dar-Rita-3.png\",\"contentUrl\":\"https:\/\/www.darrita.com\/marrocos\/imagens-marrocos\/2019\/10\/cropped-Dar-Rita-3.png\",\"width\":945,\"height\":189,\"caption\":\"Rita em Marrocos\"},\"image\":{\"@id\":\"https:\/\/www.darrita.com\/marrocos\/#\/schema\/logo\/image\/\"}}]}<\/script>\n<!-- \/ Yoast SEO plugin. -->","yoast_head_json":{"title":"Uma portuguesa a viver em Marrocos - Rita em Marrocos","robots":{"index":"index","follow":"follow","max-snippet":"max-snippet:-1","max-image-preview":"max-image-preview:large","max-video-preview":"max-video-preview:-1"},"canonical":"https:\/\/www.darrita.com\/marrocos\/uma-portuguesa-a-viver-em-marrocos\/","og_locale":"pt_PT","og_type":"article","og_title":"Uma portuguesa a viver em Marrocos - Rita em Marrocos","og_url":"https:\/\/www.darrita.com\/marrocos\/uma-portuguesa-a-viver-em-marrocos\/","og_site_name":"Rita em Marrocos","article_modified_time":"2019-10-09T03:37:07+00:00","og_image":[{"width":1600,"height":1067,"url":"https:\/\/www.darrita.com\/marrocos\/imagens-marrocos\/2019\/10\/Ait-Benhaddou-Marrocos.jpg","type":"image\/jpeg"}],"twitter_misc":{"Tempo estimado de leitura":"1 minuto"},"schema":{"@context":"https:\/\/schema.org","@graph":[{"@type":"WebPage","@id":"https:\/\/www.darrita.com\/marrocos\/uma-portuguesa-a-viver-em-marrocos\/","url":"https:\/\/www.darrita.com\/marrocos\/uma-portuguesa-a-viver-em-marrocos\/","name":"Uma portuguesa a viver em Marrocos - Rita em Marrocos","isPartOf":{"@id":"https:\/\/www.darrita.com\/marrocos\/#website"},"primaryImageOfPage":{"@id":"https:\/\/www.darrita.com\/marrocos\/uma-portuguesa-a-viver-em-marrocos\/#primaryimage"},"image":{"@id":"https:\/\/www.darrita.com\/marrocos\/uma-portuguesa-a-viver-em-marrocos\/#primaryimage"},"thumbnailUrl":"https:\/\/www.darrita.com\/marrocos\/imagens-marrocos\/2019\/10\/Ait-Benhaddou-Marrocos.jpg","datePublished":"2014-02-23T05:23:38+00:00","dateModified":"2019-10-09T03:37:07+00:00","breadcrumb":{"@id":"https:\/\/www.darrita.com\/marrocos\/uma-portuguesa-a-viver-em-marrocos\/#breadcrumb"},"inLanguage":"pt-PT","potentialAction":[{"@type":"ReadAction","target":["https:\/\/www.darrita.com\/marrocos\/uma-portuguesa-a-viver-em-marrocos\/"]}]},{"@type":"ImageObject","inLanguage":"pt-PT","@id":"https:\/\/www.darrita.com\/marrocos\/uma-portuguesa-a-viver-em-marrocos\/#primaryimage","url":"https:\/\/www.darrita.com\/marrocos\/imagens-marrocos\/2019\/10\/Ait-Benhaddou-Marrocos.jpg","contentUrl":"https:\/\/www.darrita.com\/marrocos\/imagens-marrocos\/2019\/10\/Ait-Benhaddou-Marrocos.jpg","width":1600,"height":1067,"caption":"Ait Benhaddou"},{"@type":"BreadcrumbList","@id":"https:\/\/www.darrita.com\/marrocos\/uma-portuguesa-a-viver-em-marrocos\/#breadcrumb","itemListElement":[{"@type":"ListItem","position":1,"name":"In\u00edcio","item":"https:\/\/www.darrita.com\/marrocos\/"},{"@type":"ListItem","position":2,"name":"Uma portuguesa a viver em Marrocos"}]},{"@type":"WebSite","@id":"https:\/\/www.darrita.com\/marrocos\/#website","url":"https:\/\/www.darrita.com\/marrocos\/","name":"Rita em Marrocos","description":"Marrocos - Guia de Viagem: destinos, hot\u00e9is, transportes, restaurantes, roteiros, tours organizados. Rita Leit\u00e3o, uma portuguesa a viver no Sul de Marrocos.","publisher":{"@id":"https:\/\/www.darrita.com\/marrocos\/#organization"},"potentialAction":[{"@type":"SearchAction","target":{"@type":"EntryPoint","urlTemplate":"https:\/\/www.darrita.com\/marrocos\/?s={search_term_string}"},"query-input":{"@type":"PropertyValueSpecification","valueRequired":true,"valueName":"search_term_string"}}],"inLanguage":"pt-PT"},{"@type":"Organization","@id":"https:\/\/www.darrita.com\/marrocos\/#organization","name":"Rita em Marrocos","url":"https:\/\/www.darrita.com\/marrocos\/","logo":{"@type":"ImageObject","inLanguage":"pt-PT","@id":"https:\/\/www.darrita.com\/marrocos\/#\/schema\/logo\/image\/","url":"https:\/\/www.darrita.com\/marrocos\/imagens-marrocos\/2019\/10\/cropped-Dar-Rita-3.png","contentUrl":"https:\/\/www.darrita.com\/marrocos\/imagens-marrocos\/2019\/10\/cropped-Dar-Rita-3.png","width":945,"height":189,"caption":"Rita em Marrocos"},"image":{"@id":"https:\/\/www.darrita.com\/marrocos\/#\/schema\/logo\/image\/"}}]}},"_links":{"self":[{"href":"https:\/\/www.darrita.com\/marrocos\/wp-json\/wp\/v2\/pages\/926"}],"collection":[{"href":"https:\/\/www.darrita.com\/marrocos\/wp-json\/wp\/v2\/pages"}],"about":[{"href":"https:\/\/www.darrita.com\/marrocos\/wp-json\/wp\/v2\/types\/page"}],"author":[{"embeddable":true,"href":"https:\/\/www.darrita.com\/marrocos\/wp-json\/wp\/v2\/users\/1"}],"replies":[{"embeddable":true,"href":"https:\/\/www.darrita.com\/marrocos\/wp-json\/wp\/v2\/comments?post=926"}],"version-history":[{"count":3,"href":"https:\/\/www.darrita.com\/marrocos\/wp-json\/wp\/v2\/pages\/926\/revisions"}],"predecessor-version":[{"id":3022,"href":"https:\/\/www.darrita.com\/marrocos\/wp-json\/wp\/v2\/pages\/926\/revisions\/3022"}],"wp:featuredmedia":[{"embeddable":true,"href":"https:\/\/www.darrita.com\/marrocos\/wp-json\/wp\/v2\/media\/3019"}],"wp:attachment":[{"href":"https:\/\/www.darrita.com\/marrocos\/wp-json\/wp\/v2\/media?parent=926"}],"curies":[{"name":"wp","href":"https:\/\/api.w.org\/{rel}","templated":true}]}}